- u*f**2 + 3*f + 123. Calculate a(r).
-1
Let c(p) = p. Suppose 0 = l + 17 - 41. Suppose -3*a + 29 = -5*b - 1, -4*b - l = 4*a. Calculate c(b).
-6
Let o(t) = -3*t**2 + 12*t - 12. Suppose 89*h = -88*h + 708. What is o(h)?
-12
Let c = 92 + -90. Suppose i + 0 = 1, -s - c*i = -4. Let u(h) = -5*h + 9 + 0*h + h**s - 2 - 6. Give u(2).
-5
Let d(y) = y**3 + 7*y**2 + 3*y + 17. Let r be (-72)/192 - 134/(-16). Let u be (396/r)/(-9) - 3/2. Calculate d(u).
-4
Let x(s) = -17*s**3 + s**2 + s - 1. Let k(g) = -3*g**2 - 3*g + 3. Let d be k(-3). Let j be 20/d*(-6)/4. Suppose 0 = -j*f - 0 + 2. Give x(f).
-16
Let b(y) = y**2 - 4*y + 7. Let a be b(2). Let x(c) be the second derivative of -1/12*c**4 + 8*c - 1/3*c**3 + 0 + 2*c**2. Give x(a).
-11
Let u(h) = -h**3 - 26*h**2 + 27*h + 52. Suppose 294*q - 298*q = -4*c + 92, 5*q = 2*c - 127. Give u(q).
52
Let d be (-6)/(-15)*5 + 95. Let y = -101 + d. Let m(f) = -2 - f - 1 + 5. Determine m(y).
6
Let z(y) = -4*y**2 - 3*y - 5. Suppose 12*w + 7*w = -87*w - 106. What is z(w)?
-6
Let b be -6*(5/(-2))/5. Let n(j) = -270 - 5*j + 217*j**3 - 3*j**2 + 272 - 216*j**3. Determine n(b).
-13
Let h(i) = i + 1 - i - 14*i**2. Suppose s + 32*x - 221 = 27*x, -3*x = -5*s + 1217. Let u = s + -242. Determine h(u).
-13
Let o(d) = d**3 + 8*d**2 - 5*d + 5. Let j be o(-8). Let y = j + -42. Suppose 3*u - 12 = -0, w - 12 = -y*u. Let h(n) = n**2 - 20. Calculate h(w).
-20
Let l(g) = 3*g**2 + 2*g - 1. Let m(y) = 5*y**2 + 11*y - 7. Let k(b) = -b**2 - 2*b + 1. Let o(v) = -6*k(v) - m(v). Let r(a) = l(a) - 2*o(a). What is r(0)?
-3
Let s(u) = u - 10. Let x(v) = v - 3. Suppose 32*g - 53 = 43. Let h(y) = g*x(y) - s(y). Determine h(-2).
-3
Suppose f + 24 - 30 = 0. Let x(y) = 3*y + 4*y + 58*y**2 - 1 - f - 57*y**2. Give x(-6).
-13
Let h(j) = 11*j**2 - 13*j - 3. Let i(c) = 5*c**2 - 6*c - 2. Let y be (-6 + 9)*4/(-3). Let x(z) = y*h(z) + 9*i(z). Let p = 1458 + -1453. Give x(p).
9
Let u(o) be the second derivative of o**3/6 + 2*o**2 - o. Let p be (-4 - 7/(-2))*(-2 - 6). Suppose 5*g - m = -30, -g + 9 = -4*m - p. Give u(g).
-3
Let v(j) = -24 - 13 + 0*j + j**2 - 8*j + 16. What is v(-3)?
12
Let u(v) be the second derivative of -v**3/3 + 57*v**2/2 - 2*v - 2329. Determine u(4).
49
Suppose -2*w + 9*w = -4*i + 89, i = 3. Let d(b) = 3*b**3 - 32*b**2 - 9*b - 11. What is d(w)?
11
Let o = 7 - 3. Let k(v) = -11*v + 6 - 7 - v**2 + 14*v + 4. Calculate k(o).
-1
Suppose -2 = -o + 1. Suppose 0 = -284*v + 275*v + 18. Suppose -n + v*n - 2 = -m, n - 14 = o*m. Let d(k) = 3*k + 3. What is d(m)?
-6
Let m(n) = -66*n - 1195. Let z be m(-18). Let g(c) = -14*c**2 - 101*c - 15. Give g(z).
6
Let w(x) = x**3 - x**2 - x + 4. Let l(b) = 3*b**2 + 21*b - 24. Let m(z) = -3*z - 20. Let r be m(-4). Let y be l(r). What is w(y)?
4
Suppose b - 2*n - 11 = 2, 5*b - n = 38. Suppose o = b - 1. Let d(r) be the third derivative of r**4/24 - 5*r**3/6 - 8*r**2. Give d(o).
1
Let l(d) = -6*d**3 - 2*d**2 - 6. Let n = -106 - -109. Let r be 7/(n*3/(-9)). Let b(u) = 5*u**3 + u**2 + 5. Let m(f) = r*b(f) - 6*l(f). Calculate m(-5).
1
Suppose 6*j + 5 = j. Let g(c) = -1 + 273*c + c**2 + 100*c - 375*c. Calculate g(j).
2
Let v(l) be the third derivative of -l**6/120 + 7*l**5/60 - l**4/24 + l**3/3 + 2245*l**2. What is v(5)?
47
Let p(z) = -z**2 + 8*z + 22. Let t = -51 + 56. Suppose 0 = 18*l + t*l - 230. Determine p(l).
2
Suppose -5*k + 35 = -5*h, -6 = -2*h - 14. Let a(v) = 5*v**2 + 120*v - 61*v - 55*v + v**k - 1. Calculate a(-4).
-1
Suppose 0 = m - 3. Suppose 2*l = m*l + 4. Let f(z) be the first derivative of -z**4/4 - 5*z**3/3 - 5*z**2/2 + 109. Determine f(l).
4
Suppose -1080 - 105 = -3*q. Let l = q - 396. Let u(p) = -18*p - 1. Calculate u(l).
17
Suppose 4*o = 5*n + 54, o + 6 = -n - 3*o. Let y(t) = -5*t + 9. Let v(r) = -2*r + 6. Let h(z) = -7*v(z) + 3*y(z). Give h(n).
-5
Let b be 25 - (1 + -7 + 0)/(30/20). Let m(r) = 2*r**2 - 59*r + 40. Calculate m(b).
11
Suppose -6*s - 11 = -4*q - 35, -q - 16 = -4*s. Let n(m) = -3*m**2 + 5*m - 11. Calculate n(s).
-39
Suppose -2*l + m - 28 = 0, 3*l + 2*m + 64 = -2*m. Let h be (-1 - l/3) + (-42)/126. Let u(b) = b**3 - 5*b**2 + 2*b + 4. Determine u(h).
-4
Let g(m) = -m**2 + m + 1. Let p be (18/2 + -2)/1. Suppose 5*q - 18 = z, 5*z + p = -4*q + 4. Suppose 2*x - y = q*x + 1, -x = -3*y + 1. What is g(x)?
-1
Let h(j) = 2*j**3 - 4*j**2 + j - 5. Let s be h(2). Let y be (5/2 + s)/((-2)/8). Let u(x) = x**3 - 2*x**2 - 2*x + 1. What is u(y)?
-3
Let q be (-8)/(-16)*-8 - (-14 - 1). Suppose 5*z - 3*n + q = 0, 3*z - 3*n + 9 = -2*n. Let v(u) = -u**2 - 4. What is v(z)?
-20
Let o = 23 - 35. Let j = 10 + o. Let b(u) = -20*u + 1. Determine b(j).
41
Let q(r) = 35*r**3. Let g(w) = 7*w**3 - 26*w**2 - 5*w - 11. Let d be g(4). Calculate q(d).
35
Let b(o) = -54*o - 428. Suppose 6*w = -58*w + 6*w - 464. Determine b(w).
4
Let d be (-18)/8 - 372/1240*5/(-6). Let t(y) = y - 28. What is t(d)?
-30
Let x(h) = -h**3 + 30*h**2 + 33*h - 71. Let s be x(31). Let m(k) = k**3 + 11*k**2 + 20*k - 7. What is m(s)?
-25
Let a(k) = -2*k - 4. Let j be a(-4). Let m(h) = -2 + 5*h + 0*h + 3 - j*h. What is m(6)?
7
Suppose -2*z + 5*z = 3*s + 3, -3*z = s - 3. Let u(b) = 20 + 5 - 9*b + 5*b + s*b + 2*b. Calculate u(13).
-1
Suppose 2*x + 7 = -3. Let q(n) = 2 - 15*n - 1 - 17*n + 29*n + 2*n. Give q(x).
6
Let w(a) = -39*a + 219. Let l(u) = -10*u + 55. Let t(j) = -15*l(j) + 4*w(j). Let i be t(8). Let d(n) = -2*n**2 - 1. Calculate d(i).
-19
Let d(g) = 9*g - 6. Let m(z) = -z**2 + 45*z - 26. Let o(t) = 11*d(t) - 2*m(t). Determine o(-8).
42
Let m(v) = -5*v**2 + 429 - 4*v - v**3 - 213 - 264. Calculate m(-6).
12
Let p(t) be the third derivative of -t**4/24 - t**3/6 - 2*t**2. Suppose w - 25 = -4*b, -b + 18*w - 21*w + 9 = 0. Let m be b/(30/(-25)) + 4. What is p(m)?
0
Let v(w) = -2*w**2 + 3*w + 4. Suppose 0 = -2*g - 4*k + 8, -2*g + g - 3*k + 4 = 0. Let m be (-94)/(-30) + g/(-30). Give v(m).
-5
Suppose 10*x - 716 = 3*i + 6*x, 3*x + 681 = -3*i. Let q = -232 - i. Let w(n) = n + 44. Determine w(q).
44
Let j(p) = -20*p**2 - 209*p + 3. Let u(w) = -162*w**2 - 1672*w + 19. Let d(t) = -23*j(t) + 3*u(t). Calculate d(-8).
-4
Let n = 15336 - 15336. Let q(l) = 11*l**3 - 3*l**2 - 11*l - 9. Let d(h) = 4*h**3 - h**2 - 4*h - 3. Let a(t) = 8*d(t) - 3*q(t). What is a(n)?
3
Let v(q) = 4 + 9*q + 5*q - q**2 + 7*q - 1 - 13 - 11. Suppose 4*n - 5*y - 49 = 41, 5*y - 90 = -5*n. What is v(n)?
-1
Let d(s) be the first derivative of -s**4/4 - 11*s**3/3 + 13*s**2/2 + 20*s + 6519. Give d(-12).
8
Let h(m) = m**2 - 122*m + 599. Let o be h(5). Let d(j) = -j**2 + 16*j - 15. Determine d(o).
13
Let z(a) = 3*a - 27 + 27*a**2 - 4*a**2 + a**3 - 18*a**2 + 2*a**2 - 7*a. Determine z(-7).
1
Let k(g) = -17*g - 77. Let u be k(-4). Let a(r) = 3*r**2 + 23*r - 36. Give a(u).
0
Let c = 381 + -299. Let y = -72 + c. Let i(n) = -n**2 + 8*n - 1. Give i(y).
-21
Let t(z) = 5*z - 9. Let r(v) = 1. Let w(p) = 5*r(p) + t(p). Calculate w(-6).
-34
Suppose 2*z - i = 26, 7*z - 6*z - 27 = 4*i. Let f(u) = u**3 - 8*u**2 - 33*u + 9. Give f(z).
9
Let j(y) = -20*y - 29. Let n = 3391 + -3397. Calculate j(n).
91
Let y(i) be the third derivative of i**4/6 - i**3/2 + i**2 + 158*i. Give y(-3).
-15
Let b(q) be the first derivative of -q**4/4 - 2*q**3/3 + 3*q**2 + 7*q + 1048. Determine b(-4).
15
Suppose 3*v - 168 = 4*v. Let h = 162 + v. Let n(b) = b**3 + 6*b**2 + 2*b + 2. What is n(h)?
-10
Let k(u) = -37*u - 2. Suppose 420*h + 738 = -216 - 1146. What is k(h)?
183
Let x(v) = -19*v - 1. Let s(r) = 4*r - 42. Let t be s(11). Suppose 0*c + 2*z = c - 7, t = -4*c - 2*z. What is x(c)?
-20
Let p(t) be the third derivative of -t**6/60 - 7*t**5/12 + 2*t**4/3 - 16*t**3/3 - 11*t**2 - t + 6. Calculate p(-18).
4
Let y(f) = 21*f - 386. Suppose -26*j = -4*i - 31*j + 62, i - 6 = -6*j. What is y(i)?
-8
Suppose 0 = -31*a - 32*a - 13*a - 304. Let y(l) = -l**2 + 28*l + 130. Calculate y(a).
2
Let i(m) be the third derivative of -m**4/12 + 3*m**2. Let g be ((-22)/(-10) - 1)*-5. Let p be (-27)/g + (-1)/(-2). Give i(p).
-10
Let u = -49 - -82. Let x(s) = -3*s**3 - 32*s + 5*s**2 + 66*s - u*s - s**2 + 2. Let v(y) = -y**3 - y + 1. Let i(n) = 2*v(n) - x(n). Determine i(4).
-12
Let a(k) = -9*k - 68. Let q(l) = 7*l + 58. Let f(j) = -4*a(j) - 5*q(j). Determine f(10).
-8
Let b(r) = r**3 + r**2 - 11*r + 70. Let o be b(5). Suppose 32*u = 17*u - o. Let f(l) = -l**2 - 10*l + 4. G